at is the units digit of t?
5
Suppose 0 = g + 3*j + 10, -4*g - 27 = j - 2*j. Let y = g - -25. What is the tens digit of y?
1
Let z be 0/(-2 - (3 - 4)). Suppose z = 9*m - 11*m + 8. Suppose 3*x + 2 = m*t, 3*t - 16 = x - 6*x. What is the units digit of x?
2
Suppose -3*h - 547 = -3*m + 2*m, 3*h + 2747 = 5*m. What is the tens digit of m?
5
Let g = 1 + 2. Suppose -204 = -325*b + 308*b. Suppose g*i + k - b = 0, 10*k - 4 = -i + 5*k. What is the units digit of i?
4
Let n(w) be the second derivative of w**4/12 - 3*w**3/2 + 5*w**2/2 + 5*w. Let y be n(9). Let x = y - 1. What is the units digit of x?
4
Suppose -23*i - 35740 = -98231. What is the thousands digit of i?
2
What is the hundreds digit of 1/5*10 + 1126?
1
Let q(p) = -6*p - 14. Let o be q(-2). What is the hundreds digit of ((-484)/8)/(1/o + 0)?
1
Let u(m) = -m**2 + 7*m + 33. Let i be u(-11). Let x = 307 + i. What is the hundreds digit of x?
1
Let w(s) = 47*s**2 + 11*s - 11. Let d(c) = -12*c**2 - 3*c + 3. Let j(x) = 22*d(x) + 6*w(x). What is the units digit of j(1)?
8
Let x(p) be the first derivative of p**4/12 + 5*p**3/6 - p**2 + 5*p - 3. Let q(i) be the first derivative of x(i). What is the tens digit of q(-7)?
1
Let v(l) = -26*l. Suppose k = 2*u - 28, -u + k = -k - 8. Let m = 14 - u. What is the units digit of v(m)?
2
Let f = 2220 + 718. What is the units digit of f?
8
Let t(f) = -3*f**3 - 2*f**2 + f + 6. Let v = 26 + -29. What is the units digit of t(v)?
6
Suppose -k + 3*a = 2*a, -5*k - a = 0. Suppose k = -2*h - h - 15, 263 = 4*l - 3*h. What is the tens digit of l?
6
Suppose 525 = -j + 4*j - k, -5*j - 5*k = -855. What is the hundreds digit of j?
1
Suppose 3*j + 3*d - 30 = 0, -4*j + 2 = -d - 33. Suppose -5*k = 4*h - j*h + 280, 46 = h + 4*k. What is the tens digit of h?
5
Let b(c) = 3*c + 7. Let v be b(-16). Let z = v + 70. What is the units digit of z?
9
Let h be 5/(-1 - 12/(-8)). Let a = -7 + h. Suppose -18 = -a*d - 0. What is the units digit of d?
6
Let s(a) = 2*a + 2. Let c be s(-1). Suppose 4*u + c*v = 3*v + 11, -5*v - 13 = -4*u. Suppose -u*d + d + 29 = 0. What is the tens digit of d?
2
Suppose -3*d + 1738 = -p, p = -2*d - 4*p + 1136. What is the tens digit of d?
7
Let f = 15 - 13. Let u(r) = 14*r + 13. What is the units digit of u(f)?
1
Let s = 3 + 2. Suppose -2*p = -3*a + 42, -5*p = 3*a + 2*a - 70. Let k = a + s. What is the tens digit of k?
1
Let r(l) be the third derivative of -l**7/1680 + l**6/80 - l**5/12 + 6*l**2. Let h(o) be the third derivative of r(o). What is the units digit of h(-9)?
6
Suppose -7*s = -4332 - 5622. What is the thousands digit of s?
1
Let a(w) = 3*w**2 - 13*w - 52. What is the units digit of a(-13)?
4
Suppose 5*n = 61 - 616. Let a = n - -163. What is the tens digit of a?
5
Let c = 34 + -25. Let v(j) = -j**2 + 16*j + 21. What is the tens digit of v(c)?
8
Let x be (-1*-20*2)/2. Suppose -i + x + 20 = 0. What is the tens digit of i?
4
Let j be 0/(0 + (2 - 4)). Let k = -322 + 325. Suppose j = k*d + d - 124. What is the tens digit of d?
3
Suppose -108 = -5*s + 1532. Let o = s - 191. What is the tens digit of o?
3
What is the hundreds digit of (-13)/((20/398)/(-10))?
5
Suppose 1 = 4*f + 29. Let y be 10*(3 + f/2). Let x(w) = -5*w - 6. What is the tens digit of x(y)?
1
Suppose 50*g - 55*g + 45 = 0. Let a = g + 29. What is the units digit of a?
8
Suppose 3*t + 8*t - 44 = 0. What is the tens digit of 33/(t/14 + 5/7)?
3
Suppose -w - 5*d + 2764 = 0, 4*w + 26*d - 11018 = 25*d. What is the thousands digit of w?
2
Let d(c) = -5*c**3 + 3*c**2 + 3*c + 1. Let q be d(4). Let v = 452 + q. What is the hundreds digit of v?
1
Suppose 6*f + 96 + 270 = 0. Let p = f - -116. What is the units digit of p?
5
Let a = 34 + -30. Suppose 2*q - 14 = -3*q - a*j, -2*q + 3 = -j. Suppose 0 = q*y - y + 3*o - 56, -5 = -5*o. What is the units digit of y?
3
Suppose 526*i - 103 = 525*i. What is the hundreds digit of i?
1
Let b(n) = -n - 15. Let c be b(-13). Let w be (c - -1)/((-3)/(-21)). Let h(l) = l**2 + 7*l + 7. What is the units digit of h(w)?
7
Let c(m) = -m + 12. Let t = 36 - 44. What is the tens digit of c(t)?
2
Let y(s) = -s**2 - 6*s + 7. Let z be y(-5). Let q be z/(-3) - (-3 - 4). Suppose -q*h - 5*h = -216. What is the units digit of h?
7
Suppose 0 = -2*h + 4*p + 94, 7*h + 5*p = 3*h + 227. Suppose h*o - 54*o = -8. What is the units digit of o?
8
Let a = -6 - 6. Let i be (-2 + -4)*22/a. What is the units digit of i + -3*(-1 - 0)?
4
Let b be (2 - -3)*2/5. Suppose 0 = 3*m - 2*l - 16, -b*l + 0 = 4*m + 2. Suppose m*j - 45 = -j. What is the tens digit of j?
1
Let b(n) = -n**2 + 44*n - 9. Let d be b(22). Let o = d + -256. What is the units digit of o?
9
Suppose -17*k = 19 - 53. Suppose k*z = 174 + 72. What is the tens digit of z?
2
Let o(g) be the third derivative of 0*g + 0 - 13/24*g**4 - 5*g**2 - 1/6*g**3. What is the units digit of o(-1)?
2
Let p(q) = -q**3 + 71*q**2 + 29*q + 94. What is the thousands digit of p(71)?
2
Suppose -1689 = -3*g + 576. What is the hundreds digit of g?
7
Suppose -3*r - 1018 = -3*m + 602, -3*m - 4*r = -1613. What is the tens digit of m?
3
Suppose -19 = j + 1. Suppose -4*a = -3*u + 82, 0 = 2*u - 3*a - 0*a - 53. Let l = j + u. What is the tens digit of l?
1
Suppose 1127 = 4*a - 1809. What is the hundreds digit of a?
7
Let k = 23 + -20. Suppose -k*y = -11*y + 392. What is the units digit of y?
9
Let x(h) = 13*h**2 - h + 8. What is the units digit of x(5)?
8
Suppose 17*y - 10459 = 2002. What is the hundreds digit of y?
7
Let g(h) = 45*h**2 - 6. Let a be g(-2). Suppose -14*r - a = -15*r. What is the units digit of r?
4
Suppose 14*t + 4443 = 11569. What is the hundreds digit of t?
5
Let m = 137 - 137. Suppose m = 2*h - k - 18 - 106, 0 = h - k - 64. What is the tens digit of h?
6
Let t = 15 + -10. Let g = -6 + 6. Suppose g = -0*j + 5*j - t. What is the units digit of j?
1
Let g = 754 + -283. What is the hundreds digit of g?
4
Let v(a) = a**2 + 7*a - 8. Let f be v(-8). Suppose f = 5*k + 3*t - 189, -6*k + 193 = -k + t. Let m = -22 + k. What is the tens digit of m?
1
Suppose t + 1 = 2*t, -4*a + 695 = 3*t. Suppose 5*h + 265 + 258 = 3*m, 3*h = m - a. What is the units digit of m?
6
Suppose -2*j = 6*x - 10*x + 3990, 5*x = -4*j + 4981. What is the tens digit of x?
9
Let g(r) = -18*r + 1. Let o be g(-5). Suppose 44*h - 120 = 47*h. Let m = o + h. What is the tens digit of m?
5
Let j(o) = 3*o**2 - 1. Let w = 6 + -5. Let q be j(w). What is the tens digit of -1*(5 - q - 62)?
5
Let d(l) = -l**3 + 12*l**2 - 12*l - 13. What is the units digit of d(9)?
2
Let y(p) = -p - 16. Let o be y(-7). What is the hundreds digit of -234*(4 - o/(-2))?
1
Let p = 10 + -4. Let z be p - (-1)/((-2)/4). Suppose 4*w - 2*u - 62 = 0, z*u = -w + 6 + 23. What is the units digit of w?
7
Suppose 0 = -18*t + 21*t - 30. Suppose -5*k + 280 = -t*k. Let c = k + 96. What is the tens digit of c?
4
Let w(y) = -y**3 - 34*y**2 - 64*y + 45. What is the hundreds digit of w(-33)?
0
What is the units digit of ((-9)/9)/(-3 - 854/(-285))?
5
Suppose -5*f = -15, t = 3*t - 5*f + 19. What is the hundreds digit of t*((-1628)/24 - 2/3)?
1
Let y(o) be the first derivative of o**3/3 + 13*o**2/2 - 6*o - 55. What is the units digit of y(-18)?
4
Let i = -7 + 9. Suppose 15 = -i*h + 3. What is the tens digit of (25 - 0) + (-2 - h)?
2
Let r(u) be the third derivative of u**5/30 - u**4/3 - 5*u**3/6 - 9*u**2. Suppose -3*k + 2*c = -8, -k - 2*k + c + 13 = 0. What is the units digit of r(k)?
9
Suppose -1194 = -2*o - x, -5*o + 3*o + 4*x = -1194. What is the units digit of o?
7
Suppose 0 = 3*l - 6, 0 = q + 2*l - 0*l - 787. What is the units digit of q?
3
Suppose 38 = -4*y + 202. Suppose -111 = -2*u + y. What is the units digit of u?
6
Let p = 365 + -216. What is the tens digit of p?
4
Let t(i) = 18*i + 1. Suppose -25*c + 29*c - 76 = 0. Let v = 22 - c. What is the units digit of t(v)?
5
Suppose 3*i = 6, 0 = -k - 0*i - 2*i + 26. Let u(m) = -2*m**3 + 43*m**2 + 25*m - 2. What is the units digit of u(k)?
4
Let m = 2295 + -382. What is the tens digit of m?
1
Suppose -4*l + 4*s + 1764 = 0, 5*l - 3*l = s + 879. What is the tens digit of l?
3
Let s = 6134 + -1045. What is the thousands digit of s?
5
Suppose 5*u - 15 = -5. Suppose -4*d + 6 = -u*d. Suppose 2*k - 4 = -3*b, b = -k - 3*b - d. What is the units digit of k?
5
Let q(n) be the second derivative of -4*n - 3/2*